{"id":94,"date":"2015-05-14T15:45:51","date_gmt":"2015-05-14T15:45:51","guid":{"rendered":"http:\/\/da-nailsdeluxe.de\/wp\/?page_id=94"},"modified":"2020-03-24T08:35:47","modified_gmt":"2020-03-24T08:35:47","slug":"kontakt","status":"publish","type":"page","link":"https:\/\/www.da-nailsdeluxe.de\/?page_id=94","title":{"rendered":"Kontakt"},"content":{"rendered":"<p><img decoding=\"async\" loading=\"lazy\" class=\"size-medium wp-image-532 alignleft\" src=\"http:\/\/da-nailsdeluxe.de\/wp\/wp-content\/uploads\/2018\/03\/visitk-Kopie-300x198.jpg\" alt=\"\" width=\"300\" height=\"198\" srcset=\"https:\/\/www.da-nailsdeluxe.de\/wp-content\/uploads\/2018\/03\/visitk-Kopie-300x198.jpg 300w, https:\/\/www.da-nailsdeluxe.de\/wp-content\/uploads\/2018\/03\/visitk-Kopie-150x99.jpg 150w, https:\/\/www.da-nailsdeluxe.de\/wp-content\/uploads\/2018\/03\/visitk-Kopie-1024x674.jpg 1024w, https:\/\/www.da-nailsdeluxe.de\/wp-content\/uploads\/2018\/03\/visitk-Kopie.jpg 1040w\" sizes=\"(max-width: 300px) 100vw, 300px\" \/><\/p>\n<p>Hier bieten wir Ihnen verschiedene M\u00f6glichkeiten mit uns in Kontakt zu treten.<\/p>\n<p>Sie k\u00f6nnen uns direkte Anfragen, Anregungen und sonstige Hinweise \u00fcber das Kontakt-Formular senden.<\/p>\n<p><strong><\/strong><\/p>\n","protected":false},"excerpt":{"rendered":"<p>Hier bieten wir Ihnen verschiedene M\u00f6glichkeiten mit uns in Kontakt zu treten. Sie k\u00f6nnen uns direkte Anfragen, Anregungen und sonstige Hinweise \u00fcber das Kontakt-Formular senden.<\/p>\n","protected":false},"author":1,"featured_media":0,"parent":0,"menu_order":0,"comment_status":"closed","ping_status":"closed","template":"","meta":[],"_links":{"self":[{"href":"https:\/\/www.da-nailsdeluxe.de\/index.php?rest_route=\/wp\/v2\/pages\/94"}],"collection":[{"href":"https:\/\/www.da-nailsdeluxe.de\/index.php?rest_route=\/wp\/v2\/pages"}],"about":[{"href":"https:\/\/www.da-nailsdeluxe.de\/index.php?rest_route=\/wp\/v2\/types\/page"}],"author":[{"embeddable":true,"href":"https:\/\/www.da-nailsdeluxe.de\/index.php?rest_route=\/wp\/v2\/users\/1"}],"replies":[{"embeddable":true,"href":"https:\/\/www.da-nailsdeluxe.de\/index.php?rest_route=%2Fwp%2Fv2%2Fcomments&post=94"}],"version-history":[{"count":7,"href":"https:\/\/www.da-nailsdeluxe.de\/index.php?rest_route=\/wp\/v2\/pages\/94\/revisions"}],"predecessor-version":[{"id":761,"href":"https:\/\/www.da-nailsdeluxe.de\/index.php?rest_route=\/wp\/v2\/pages\/94\/revisions\/761"}],"wp:attachment":[{"href":"https:\/\/www.da-nailsdeluxe.de\/index.php?rest_route=%2Fwp%2Fv2%2Fmedia&parent=94"}],"curies":[{"name":"wp","href":"https:\/\/api.w.org\/{rel}","templated":true}]}}