{"id":75,"date":"2015-05-14T15:33:04","date_gmt":"2015-05-14T15:33:04","guid":{"rendered":"http:\/\/da-nailsdeluxe.de\/wp\/?page_id=75"},"modified":"2020-03-23T17:16:48","modified_gmt":"2020-03-23T17:16:48","slug":"nagelpflege","status":"publish","type":"page","link":"https:\/\/www.da-nailsdeluxe.de\/?page_id=75","title":{"rendered":"Nagelpflege"},"content":{"rendered":"<div id=\"attachment_570\" style=\"width: 310px\" class=\"wp-caption alignleft\"><img aria-describedby=\"caption-attachment-570\" decoding=\"async\" loading=\"lazy\" class=\"wp-image-570 size-medium\" src=\"http:\/\/da-nailsdeluxe.de\/wp\/wp-content\/uploads\/2018\/03\/060200001-nagel-keratin-komplex-1-300x300.jpg\" alt=\"\" width=\"300\" height=\"300\" srcset=\"https:\/\/www.da-nailsdeluxe.de\/wp-content\/uploads\/2018\/03\/060200001-nagel-keratin-komplex-1-300x300.jpg 300w, https:\/\/www.da-nailsdeluxe.de\/wp-content\/uploads\/2018\/03\/060200001-nagel-keratin-komplex-1-150x150.jpg 150w, https:\/\/www.da-nailsdeluxe.de\/wp-content\/uploads\/2018\/03\/060200001-nagel-keratin-komplex-1.jpg 1000w\" sizes=\"(max-width: 300px) 100vw, 300px\" \/><p id=\"caption-attachment-570\" class=\"wp-caption-text\">Schutz und Pflege f\u00fcr Naturn\u00e4gel. Baut spr\u00f6de Naturn\u00e4gel auf, verst\u00e4rkt und kr\u00e4ftigt die Nagelplatte. aufbauend kr\u00e4ftigend wiederverschlie\u00dfbare Ampullen<\/p><\/div>\n<div id=\"attachment_584\" style=\"width: 310px\" class=\"wp-caption alignleft\"><img aria-describedby=\"caption-attachment-584\" decoding=\"async\" loading=\"lazy\" class=\"wp-image-584 size-medium\" src=\"http:\/\/da-nailsdeluxe.de\/wp\/wp-content\/uploads\/2018\/03\/060200014-nail-repair-pen-1-300x300.jpg\" alt=\"\" width=\"300\" height=\"300\" srcset=\"https:\/\/www.da-nailsdeluxe.de\/wp-content\/uploads\/2018\/03\/060200014-nail-repair-pen-1-300x300.jpg 300w, https:\/\/www.da-nailsdeluxe.de\/wp-content\/uploads\/2018\/03\/060200014-nail-repair-pen-1-150x150.jpg 150w, https:\/\/www.da-nailsdeluxe.de\/wp-content\/uploads\/2018\/03\/060200014-nail-repair-pen-1.jpg 1000w\" sizes=\"(max-width: 300px) 100vw, 300px\" \/><p id=\"caption-attachment-584\" class=\"wp-caption-text\">Reichhaltige Pflege f\u00fcr die N\u00e4gel und Nagelhaut in einem Stift. Der Nail Repair Pen liefert reichhaltige Pflege f\u00fcr die N\u00e4gel und Nagelhaut. Dank wertvoller Inhaltsstoffe werden die N\u00e4gel schnell widerstandsf\u00e4higer und die Nagelhaut geschmeidiger. Ideal auch f\u00fcr unterwegs. feuchtigkeitsspendend reichhaltig praktisch<\/p><\/div>\n<div id=\"attachment_593\" style=\"width: 310px\" class=\"wp-caption alignleft\"><img aria-describedby=\"caption-attachment-593\" decoding=\"async\" loading=\"lazy\" class=\"wp-image-593 size-medium\" src=\"http:\/\/da-nailsdeluxe.de\/wp\/wp-content\/uploads\/2018\/03\/070400038-cuticle-oil-aloe-1-300x300.jpg\" alt=\"\" width=\"300\" height=\"300\" srcset=\"https:\/\/www.da-nailsdeluxe.de\/wp-content\/uploads\/2018\/03\/070400038-cuticle-oil-aloe-1-300x300.jpg 300w, https:\/\/www.da-nailsdeluxe.de\/wp-content\/uploads\/2018\/03\/070400038-cuticle-oil-aloe-1-150x150.jpg 150w, https:\/\/www.da-nailsdeluxe.de\/wp-content\/uploads\/2018\/03\/070400038-cuticle-oil-aloe-1.jpg 1000w\" sizes=\"(max-width: 300px) 100vw, 300px\" \/><p id=\"caption-attachment-593\" class=\"wp-caption-text\">Pflegendes \u00d6l mit Aloe Vera f\u00fcr die Nagelhaut. Das hochwertige Cuticle Oil Aloe mit Vitaminen und Pflegestoffen beugt verhornter, trockener und rissiger Nagelhaut vor. Es wird sofort von der Haut aufgenommen und ist \u00fcberlackierbar. mit Aloe Vera schnell einziehend \u00fcberlackierbar<\/p><\/div>\n<div id=\"attachment_592\" style=\"width: 310px\" class=\"wp-caption alignleft\"><img aria-describedby=\"caption-attachment-592\" decoding=\"async\" loading=\"lazy\" class=\"wp-image-592 size-medium\" src=\"http:\/\/da-nailsdeluxe.de\/wp\/wp-content\/uploads\/2018\/03\/070400037-matt-coat-1-300x300.jpg\" alt=\"\" width=\"300\" height=\"300\" srcset=\"https:\/\/www.da-nailsdeluxe.de\/wp-content\/uploads\/2018\/03\/070400037-matt-coat-1-300x300.jpg 300w, https:\/\/www.da-nailsdeluxe.de\/wp-content\/uploads\/2018\/03\/070400037-matt-coat-1-150x150.jpg 150w, https:\/\/www.da-nailsdeluxe.de\/wp-content\/uploads\/2018\/03\/070400037-matt-coat-1.jpg 1000w\" sizes=\"(max-width: 300px) 100vw, 300px\" \/><p id=\"caption-attachment-592\" class=\"wp-caption-text\">\u00dcberlack mit besonderen Matt-Effekt. Er versiegelt Catherine Classic Lac&#8217;s und UV nail polishes mit einem seidigen-mattierten Look. sch\u00fctzend mattierter Look lufttrocknend<\/p><\/div>\n<div id=\"attachment_591\" style=\"width: 310px\" class=\"wp-caption alignleft\"><img aria-describedby=\"caption-attachment-591\" decoding=\"async\" loading=\"lazy\" class=\"wp-image-591 size-medium\" src=\"http:\/\/da-nailsdeluxe.de\/wp\/wp-content\/uploads\/2018\/03\/070400036-top-coat-1-300x300.jpg\" alt=\"\" width=\"300\" height=\"300\" srcset=\"https:\/\/www.da-nailsdeluxe.de\/wp-content\/uploads\/2018\/03\/070400036-top-coat-1-300x300.jpg 300w, https:\/\/www.da-nailsdeluxe.de\/wp-content\/uploads\/2018\/03\/070400036-top-coat-1-150x150.jpg 150w, https:\/\/www.da-nailsdeluxe.de\/wp-content\/uploads\/2018\/03\/070400036-top-coat-1.jpg 1000w\" sizes=\"(max-width: 300px) 100vw, 300px\" \/><p id=\"caption-attachment-591\" class=\"wp-caption-text\">Gl\u00e4nzender \u00dcberlack f\u00fcr l\u00e4ngere Haltbarkeit. Der schnell trocknende Pflegelack versiegelt zudem die Nageloberfl\u00e4che. noch mehr Farbbrillanz l\u00e4ngere Haltbarkeit sch\u00fctzend<\/p><\/div>\n<div id=\"attachment_590\" style=\"width: 310px\" class=\"wp-caption alignleft\"><img aria-describedby=\"caption-attachment-590\" decoding=\"async\" loading=\"lazy\" class=\"wp-image-590 size-medium\" src=\"http:\/\/da-nailsdeluxe.de\/wp\/wp-content\/uploads\/2018\/03\/070400035-pro-white-base-1-300x300.jpg\" alt=\"\" width=\"300\" height=\"300\" srcset=\"https:\/\/www.da-nailsdeluxe.de\/wp-content\/uploads\/2018\/03\/070400035-pro-white-base-1-300x300.jpg 300w, https:\/\/www.da-nailsdeluxe.de\/wp-content\/uploads\/2018\/03\/070400035-pro-white-base-1-150x150.jpg 150w, https:\/\/www.da-nailsdeluxe.de\/wp-content\/uploads\/2018\/03\/070400035-pro-white-base-1.jpg 1000w\" sizes=\"(max-width: 300px) 100vw, 300px\" \/><p id=\"caption-attachment-590\" class=\"wp-caption-text\">Sch\u00fctzender Unterlack gegen Verf\u00e4rbungen. Der innovative Unterlack l\u00e4sst die Farben noch brillanter leuchten. sch\u00fctzend optischer Aufheller als Unterlack und solo<\/p><\/div>\n<div id=\"attachment_589\" style=\"width: 310px\" class=\"wp-caption alignleft\"><img aria-describedby=\"caption-attachment-589\" decoding=\"async\" loading=\"lazy\" class=\"wp-image-589 size-medium\" src=\"http:\/\/da-nailsdeluxe.de\/wp\/wp-content\/uploads\/2018\/03\/070400034-ridge-fillier-1-300x300.jpg\" alt=\"\" width=\"300\" height=\"300\" srcset=\"https:\/\/www.da-nailsdeluxe.de\/wp-content\/uploads\/2018\/03\/070400034-ridge-fillier-1-300x300.jpg 300w, https:\/\/www.da-nailsdeluxe.de\/wp-content\/uploads\/2018\/03\/070400034-ridge-fillier-1-150x150.jpg 150w, https:\/\/www.da-nailsdeluxe.de\/wp-content\/uploads\/2018\/03\/070400034-ridge-fillier-1.jpg 1000w\" sizes=\"(max-width: 300px) 100vw, 300px\" \/><p id=\"caption-attachment-589\" class=\"wp-caption-text\">Rillen ausgleichender Unterlack f\u00fcr Naturn\u00e4gel. Das ist die ideale Grundierung f\u00fcr alle Catherine-Farblacke. Aber auch ohne Farbschicht sehen die N\u00e4gel mit dem Ridge Filler sch\u00f6n gesund und gepflegt aus. sch\u00fctzend kr\u00e4ftigend als Unterlack und solo<\/p><\/div>\n<div id=\"attachment_588\" style=\"width: 310px\" class=\"wp-caption alignleft\"><img aria-describedby=\"caption-attachment-588\" decoding=\"async\" loading=\"lazy\" class=\"wp-image-588 size-medium\" src=\"http:\/\/da-nailsdeluxe.de\/wp\/wp-content\/uploads\/2018\/03\/070400033-calcium-base-coat-1-300x300.jpg\" alt=\"\" width=\"300\" height=\"300\" srcset=\"https:\/\/www.da-nailsdeluxe.de\/wp-content\/uploads\/2018\/03\/070400033-calcium-base-coat-1-300x300.jpg 300w, https:\/\/www.da-nailsdeluxe.de\/wp-content\/uploads\/2018\/03\/070400033-calcium-base-coat-1-150x150.jpg 150w, https:\/\/www.da-nailsdeluxe.de\/wp-content\/uploads\/2018\/03\/070400033-calcium-base-coat-1.jpg 1000w\" sizes=\"(max-width: 300px) 100vw, 300px\" \/><p id=\"caption-attachment-588\" class=\"wp-caption-text\">Sch\u00fctzender Unterlack zur Kr\u00e4ftigung der N\u00e4gel. Der Calcium Base Coat ist ein spezieller Unterlack f\u00fcr strapazierte Naturn\u00e4gel und sorgt f\u00fcr effektive Regeneration. sch\u00fctzend kr\u00e4ftigend Unterlack<\/p><\/div>\n<div id=\"attachment_587\" style=\"width: 310px\" class=\"wp-caption alignleft\"><img aria-describedby=\"caption-attachment-587\" decoding=\"async\" loading=\"lazy\" class=\"wp-image-587 size-medium\" src=\"http:\/\/da-nailsdeluxe.de\/wp\/wp-content\/uploads\/2018\/03\/070400031-cuticle-remover-gel-1-300x300.jpg\" alt=\"\" width=\"300\" height=\"300\" srcset=\"https:\/\/www.da-nailsdeluxe.de\/wp-content\/uploads\/2018\/03\/070400031-cuticle-remover-gel-1-300x300.jpg 300w, https:\/\/www.da-nailsdeluxe.de\/wp-content\/uploads\/2018\/03\/070400031-cuticle-remover-gel-1-150x150.jpg 150w, https:\/\/www.da-nailsdeluxe.de\/wp-content\/uploads\/2018\/03\/070400031-cuticle-remover-gel-1.jpg 1000w\" sizes=\"(max-width: 300px) 100vw, 300px\" \/><p id=\"caption-attachment-587\" class=\"wp-caption-text\">Entfernt und beugt verhornter Nagelhaut vor. Das Cuticle Remover Gel ist dickviskos, l\u00f6st effektiv und schonend verhornte Nagelhaut und beugt dem Einrei\u00dfen vor. einfache Anwendung effektiv schonend<\/p><\/div>\n","protected":false},"excerpt":{"rendered":"","protected":false},"author":1,"featured_media":0,"parent":0,"menu_order":0,"comment_status":"closed","ping_status":"closed","template":"","meta":[],"_links":{"self":[{"href":"https:\/\/www.da-nailsdeluxe.de\/index.php?rest_route=\/wp\/v2\/pages\/75"}],"collection":[{"href":"https:\/\/www.da-nailsdeluxe.de\/index.php?rest_route=\/wp\/v2\/pages"}],"about":[{"href":"https:\/\/www.da-nailsdeluxe.de\/index.php?rest_route=\/wp\/v2\/types\/page"}],"author":[{"embeddable":true,"href":"https:\/\/www.da-nailsdeluxe.de\/index.php?rest_route=\/wp\/v2\/users\/1"}],"replies":[{"embeddable":true,"href":"https:\/\/www.da-nailsdeluxe.de\/index.php?rest_route=%2Fwp%2Fv2%2Fcomments&post=75"}],"version-history":[{"count":12,"href":"https:\/\/www.da-nailsdeluxe.de\/index.php?rest_route=\/wp\/v2\/pages\/75\/revisions"}],"predecessor-version":[{"id":756,"href":"https:\/\/www.da-nailsdeluxe.de\/index.php?rest_route=\/wp\/v2\/pages\/75\/revisions\/756"}],"wp:attachment":[{"href":"https:\/\/www.da-nailsdeluxe.de\/index.php?rest_route=%2Fwp%2Fv2%2Fmedia&parent=75"}],"curies":[{"name":"wp","href":"https:\/\/api.w.org\/{rel}","templated":true}]}}